{"id":61,"date":"2020-01-23T18:21:52","date_gmt":"2020-01-23T18:21:52","guid":{"rendered":"https:\/\/demosites.io\/web-agency-gb\/?page_id=61"},"modified":"2022-08-28T15:19:48","modified_gmt":"2022-08-28T13:19:48","slug":"comite","status":"publish","type":"page","link":"https:\/\/gcaubonne.ch\/index.php\/comite\/","title":{"rendered":"Comit\u00e9"},"content":{"rendered":"\n<div class=\"wp-block-cover alignfull\" style=\"min-height:600px;aspect-ratio:unset;\"><span aria-hidden=\"true\" class=\"wp-block-cover__background has-nv-light-bg-background-color has-background-dim-100 has-background-dim\"><\/span><div class=\"wp-block-cover__inner-container is-layout-flow wp-block-cover-is-layout-flow\">\n<div class=\"wp-block-group\"><div class=\"wp-block-group__inner-container is-layout-flow wp-block-group-is-layout-flow\">\n<div style=\"height:80px\" aria-hidden=\"true\" class=\"wp-block-spacer\"><\/div>\n\n\n\n<div class=\"wp-block-columns are-vertically-aligned-center is-layout-flex wp-container-core-columns-is-layout-9d6595d7 wp-block-columns-is-layout-flex\">\n<div class=\"wp-block-column is-vertically-aligned-center is-layout-flow wp-block-column-is-layout-flow\" style=\"flex-basis:50%\">\n<figure class=\"wp-block-image size-large\"><img loading=\"lazy\" decoding=\"async\" width=\"1024\" height=\"1024\" src=\"https:\/\/gcaubonne.ch\/wp-content\/uploads\/2022\/08\/Aubonne_1-1024x1024.jpg\" alt=\"\" class=\"wp-image-668\" srcset=\"https:\/\/gcaubonne.ch\/wp-content\/uploads\/2022\/08\/Aubonne_1-1024x1024.jpg 1024w, https:\/\/gcaubonne.ch\/wp-content\/uploads\/2022\/08\/Aubonne_1-300x300.jpg 300w, https:\/\/gcaubonne.ch\/wp-content\/uploads\/2022\/08\/Aubonne_1-150x150.jpg 150w, https:\/\/gcaubonne.ch\/wp-content\/uploads\/2022\/08\/Aubonne_1-768x768.jpg 768w, https:\/\/gcaubonne.ch\/wp-content\/uploads\/2022\/08\/Aubonne_1-1536x1536.jpg 1536w, https:\/\/gcaubonne.ch\/wp-content\/uploads\/2022\/08\/Aubonne_1-2048x2048.jpg 2048w\" sizes=\"auto, (max-width: 1024px) 100vw, 1024px\" \/><\/figure>\n<\/div>\n\n\n\n<div class=\"wp-block-column is-vertically-aligned-center is-layout-flow wp-block-column-is-layout-flow\" style=\"flex-basis:50%\">\n<h2 class=\"has-neve-text-color-color has-text-color wp-block-heading\">Notre histoire<\/h2>\n\n\n\n<p class=\"has-nv-dark-bg-color has-text-color\"><\/p>\n\n\n\n<p class=\"has-text-align-left has-nv-dark-bg-color has-text-color\">Le groupement des commer\u00e7ants aubonnois r\u00e9unit les commer\u00e7ants et les prestataires de service qui ont leur vitrine, locaux d\u2019exploitation ou bureaux sur la commune d\u2019Aubonne.<\/p>\n\n\n\n<p class=\"has-nv-dark-bg-color has-text-color\">Le but du groupement des commer\u00e7ants et de d\u00e9fendre les int\u00e9r\u00eats communs, promouvoir le commerce local et participer \u00e0 l\u2019animation du bourg d\u2019Aubonne.<\/p>\n\n\n\n<p class=\"has-nv-dark-bg-color has-text-color\">Aubonne est riche d\u2019enseignes qui offrent des services de qualit\u00e9. Le but de ce site internet est de regrouper le maximum d\u2019information, afin que vous trouviez en un coup d\u2019\u0153il les horaires d\u2019ouverture, les jours de fermeture, les horaires d\u2019\u00e9t\u00e9\u2026 et beaucoup d\u2019autres infos utiles&nbsp;!<\/p>\n\n\n\n<p class=\"has-nv-dark-bg-color has-text-color\">Vivez avec Aubonne&nbsp;!<\/p>\n<\/div>\n<\/div>\n\n\n\n<div style=\"height:40px\" aria-hidden=\"true\" class=\"wp-block-spacer\"><\/div>\n<\/div><\/div>\n<\/div><\/div>\n\n\n\n<div class=\"wp-block-cover alignfull\" style=\"min-height:600px;aspect-ratio:unset;\"><span aria-hidden=\"true\" class=\"wp-block-cover__background has-nv-light-bg-background-color has-background-dim-100 has-background-dim\"><\/span><div class=\"wp-block-cover__inner-container is-layout-flow wp-block-cover-is-layout-flow\">\n<div class=\"wp-block-group\"><div class=\"wp-block-group__inner-container is-layout-flow wp-block-group-is-layout-flow\">\n<div style=\"height:80px\" aria-hidden=\"true\" class=\"wp-block-spacer\"><\/div>\n\n\n\n<div class=\"wp-block-columns is-layout-flex wp-container-core-columns-is-layout-9d6595d7 wp-block-columns-is-layout-flex\">\n<div class=\"wp-block-column is-layout-flow wp-block-column-is-layout-flow\"><div class=\"wp-block-image is-style-default\">\n<figure class=\"aligncenter size-large\"><img loading=\"lazy\" decoding=\"async\" width=\"1024\" height=\"1024\" src=\"https:\/\/gcaubonne.ch\/wp-content\/uploads\/2022\/08\/President-cadre-1-1024x1024.jpg\" alt=\"\" class=\"wp-image-870\" srcset=\"https:\/\/gcaubonne.ch\/wp-content\/uploads\/2022\/08\/President-cadre-1.jpg 1024w, https:\/\/gcaubonne.ch\/wp-content\/uploads\/2022\/08\/President-cadre-1-300x300.jpg 300w, https:\/\/gcaubonne.ch\/wp-content\/uploads\/2022\/08\/President-cadre-1-150x150.jpg 150w, https:\/\/gcaubonne.ch\/wp-content\/uploads\/2022\/08\/President-cadre-1-768x768.jpg 768w\" sizes=\"auto, (max-width: 1024px) 100vw, 1024px\" \/><\/figure>\n<\/div>\n\n\n<h3 class=\"has-text-align-center has-neve-text-color-color has-text-color wp-block-heading\">Herv\u00e9 Stalder<\/h3>\n\n\n\n<p class=\"has-text-align-center has-neve-text-color-color has-text-color\">Pr\u00e9sident<\/p>\n\n\n\n<ul class=\"wp-block-social-links aligncenter is-layout-flex wp-block-social-links-is-layout-flex\"><li class=\"wp-social-link wp-social-link-facebook  wp-block-social-link\"><a href=\"#\" class=\"wp-block-social-link-anchor\"><svg width=\"24\" height=\"24\" viewBox=\"0 0 24 24\" version=\"1.1\" xmlns=\"http:\/\/www.w3.org\/2000\/svg\" aria-hidden=\"true\" focusable=\"false\"><path d=\"M12 2C6.5 2 2 6.5 2 12c0 5 3.7 9.1 8.4 9.9v-7H7.9V12h2.5V9.8c0-2.5 1.5-3.9 3.8-3.9 1.1 0 2.2.2 2.2.2v2.5h-1.3c-1.2 0-1.6.8-1.6 1.6V12h2.8l-.4 2.9h-2.3v7C18.3 21.1 22 17 22 12c0-5.5-4.5-10-10-10z\"><\/path><\/svg><span class=\"wp-block-social-link-label screen-reader-text\">Facebook<\/span><\/a><\/li>\n\n<li class=\"wp-social-link wp-social-link-twitter  wp-block-social-link\"><a href=\"#\" class=\"wp-block-social-link-anchor\"><svg width=\"24\" height=\"24\" viewBox=\"0 0 24 24\" version=\"1.1\" xmlns=\"http:\/\/www.w3.org\/2000\/svg\" aria-hidden=\"true\" focusable=\"false\"><path d=\"M22.23,5.924c-0.736,0.326-1.527,0.547-2.357,0.646c0.847-0.508,1.498-1.312,1.804-2.27 c-0.793,0.47-1.671,0.812-2.606,0.996C18.324,4.498,17.257,4,16.077,4c-2.266,0-4.103,1.837-4.103,4.103 c0,0.322,0.036,0.635,0.106,0.935C8.67,8.867,5.647,7.234,3.623,4.751C3.27,5.357,3.067,6.062,3.067,6.814 c0,1.424,0.724,2.679,1.825,3.415c-0.673-0.021-1.305-0.206-1.859-0.513c0,0.017,0,0.034,0,0.052c0,1.988,1.414,3.647,3.292,4.023 c-0.344,0.094-0.707,0.144-1.081,0.144c-0.264,0-0.521-0.026-0.772-0.074c0.522,1.63,2.038,2.816,3.833,2.85 c-1.404,1.1-3.174,1.756-5.096,1.756c-0.331,0-0.658-0.019-0.979-0.057c1.816,1.164,3.973,1.843,6.29,1.843 c7.547,0,11.675-6.252,11.675-11.675c0-0.178-0.004-0.355-0.012-0.531C20.985,7.47,21.68,6.747,22.23,5.924z\"><\/path><\/svg><span class=\"wp-block-social-link-label screen-reader-text\">Twitter<\/span><\/a><\/li>\n\n<li class=\"wp-social-link wp-social-link-linkedin  wp-block-social-link\"><a href=\"#\" class=\"wp-block-social-link-anchor\"><svg width=\"24\" height=\"24\" viewBox=\"0 0 24 24\" version=\"1.1\" xmlns=\"http:\/\/www.w3.org\/2000\/svg\" aria-hidden=\"true\" focusable=\"false\"><path d=\"M19.7,3H4.3C3.582,3,3,3.582,3,4.3v15.4C3,20.418,3.582,21,4.3,21h15.4c0.718,0,1.3-0.582,1.3-1.3V4.3 C21,3.582,20.418,3,19.7,3z M8.339,18.338H5.667v-8.59h2.672V18.338z M7.004,8.574c-0.857,0-1.549-0.694-1.549-1.548 c0-0.855,0.691-1.548,1.549-1.548c0.854,0,1.547,0.694,1.547,1.548C8.551,7.881,7.858,8.574,7.004,8.574z M18.339,18.338h-2.669 v-4.177c0-0.996-0.017-2.278-1.387-2.278c-1.389,0-1.601,1.086-1.601,2.206v4.249h-2.667v-8.59h2.559v1.174h0.037 c0.356-0.675,1.227-1.387,2.526-1.387c2.703,0,3.203,1.779,3.203,4.092V18.338z\"><\/path><\/svg><span class=\"wp-block-social-link-label screen-reader-text\">LinkedIn<\/span><\/a><\/li><\/ul>\n\n\n\n<div style=\"height:40px\" aria-hidden=\"true\" class=\"wp-block-spacer\"><\/div>\n<\/div>\n\n\n\n<div class=\"wp-block-column is-layout-flow wp-block-column-is-layout-flow\"><div class=\"wp-block-image is-style-default\">\n<figure class=\"aligncenter size-large\"><img decoding=\"async\" src=\"https:\/\/gcaubonne.ch\/wp-content\/uploads\/2022\/08\/IMG_4105-edited-scaled.jpg\" alt=\"\" class=\"wp-image-931\"\/><\/figure>\n<\/div>\n\n\n<h3 class=\"has-text-align-center has-neve-text-color-color has-text-color wp-block-heading\">Mathieu Giger<\/h3>\n\n\n\n<p class=\"has-text-align-center has-neve-text-color-color has-text-color\">Caissier<\/p>\n\n\n\n<ul class=\"wp-block-social-links aligncenter is-layout-flex wp-block-social-links-is-layout-flex\"><li class=\"wp-social-link wp-social-link-facebook  wp-block-social-link\"><a href=\"#\" class=\"wp-block-social-link-anchor\"><svg width=\"24\" height=\"24\" viewBox=\"0 0 24 24\" version=\"1.1\" xmlns=\"http:\/\/www.w3.org\/2000\/svg\" aria-hidden=\"true\" focusable=\"false\"><path d=\"M12 2C6.5 2 2 6.5 2 12c0 5 3.7 9.1 8.4 9.9v-7H7.9V12h2.5V9.8c0-2.5 1.5-3.9 3.8-3.9 1.1 0 2.2.2 2.2.2v2.5h-1.3c-1.2 0-1.6.8-1.6 1.6V12h2.8l-.4 2.9h-2.3v7C18.3 21.1 22 17 22 12c0-5.5-4.5-10-10-10z\"><\/path><\/svg><span class=\"wp-block-social-link-label screen-reader-text\">Facebook<\/span><\/a><\/li>\n\n<li class=\"wp-social-link wp-social-link-twitter  wp-block-social-link\"><a href=\"#\" class=\"wp-block-social-link-anchor\"><svg width=\"24\" height=\"24\" viewBox=\"0 0 24 24\" version=\"1.1\" xmlns=\"http:\/\/www.w3.org\/2000\/svg\" aria-hidden=\"true\" focusable=\"false\"><path d=\"M22.23,5.924c-0.736,0.326-1.527,0.547-2.357,0.646c0.847-0.508,1.498-1.312,1.804-2.27 c-0.793,0.47-1.671,0.812-2.606,0.996C18.324,4.498,17.257,4,16.077,4c-2.266,0-4.103,1.837-4.103,4.103 c0,0.322,0.036,0.635,0.106,0.935C8.67,8.867,5.647,7.234,3.623,4.751C3.27,5.357,3.067,6.062,3.067,6.814 c0,1.424,0.724,2.679,1.825,3.415c-0.673-0.021-1.305-0.206-1.859-0.513c0,0.017,0,0.034,0,0.052c0,1.988,1.414,3.647,3.292,4.023 c-0.344,0.094-0.707,0.144-1.081,0.144c-0.264,0-0.521-0.026-0.772-0.074c0.522,1.63,2.038,2.816,3.833,2.85 c-1.404,1.1-3.174,1.756-5.096,1.756c-0.331,0-0.658-0.019-0.979-0.057c1.816,1.164,3.973,1.843,6.29,1.843 c7.547,0,11.675-6.252,11.675-11.675c0-0.178-0.004-0.355-0.012-0.531C20.985,7.47,21.68,6.747,22.23,5.924z\"><\/path><\/svg><span class=\"wp-block-social-link-label screen-reader-text\">Twitter<\/span><\/a><\/li>\n\n<li class=\"wp-social-link wp-social-link-linkedin  wp-block-social-link\"><a href=\"#\" class=\"wp-block-social-link-anchor\"><svg width=\"24\" height=\"24\" viewBox=\"0 0 24 24\" version=\"1.1\" xmlns=\"http:\/\/www.w3.org\/2000\/svg\" aria-hidden=\"true\" focusable=\"false\"><path d=\"M19.7,3H4.3C3.582,3,3,3.582,3,4.3v15.4C3,20.418,3.582,21,4.3,21h15.4c0.718,0,1.3-0.582,1.3-1.3V4.3 C21,3.582,20.418,3,19.7,3z M8.339,18.338H5.667v-8.59h2.672V18.338z M7.004,8.574c-0.857,0-1.549-0.694-1.549-1.548 c0-0.855,0.691-1.548,1.549-1.548c0.854,0,1.547,0.694,1.547,1.548C8.551,7.881,7.858,8.574,7.004,8.574z M18.339,18.338h-2.669 v-4.177c0-0.996-0.017-2.278-1.387-2.278c-1.389,0-1.601,1.086-1.601,2.206v4.249h-2.667v-8.59h2.559v1.174h0.037 c0.356-0.675,1.227-1.387,2.526-1.387c2.703,0,3.203,1.779,3.203,4.092V18.338z\"><\/path><\/svg><span class=\"wp-block-social-link-label screen-reader-text\">LinkedIn<\/span><\/a><\/li><\/ul>\n\n\n\n<div style=\"height:40px\" aria-hidden=\"true\" class=\"wp-block-spacer\"><\/div>\n<\/div>\n\n\n\n<div class=\"wp-block-column is-layout-flow wp-block-column-is-layout-flow\"><div class=\"wp-block-image is-style-default\">\n<figure class=\"aligncenter size-large\"><img loading=\"lazy\" decoding=\"async\" width=\"1024\" height=\"1024\" src=\"https:\/\/gcaubonne.ch\/wp-content\/uploads\/2022\/08\/Secretaire-cadre-1-1024x1024.jpg\" alt=\"\" class=\"wp-image-871\" srcset=\"https:\/\/gcaubonne.ch\/wp-content\/uploads\/2022\/08\/Secretaire-cadre-1.jpg 1024w, https:\/\/gcaubonne.ch\/wp-content\/uploads\/2022\/08\/Secretaire-cadre-1-300x300.jpg 300w, https:\/\/gcaubonne.ch\/wp-content\/uploads\/2022\/08\/Secretaire-cadre-1-150x150.jpg 150w, https:\/\/gcaubonne.ch\/wp-content\/uploads\/2022\/08\/Secretaire-cadre-1-768x768.jpg 768w\" sizes=\"auto, (max-width: 1024px) 100vw, 1024px\" \/><\/figure>\n<\/div>\n\n\n<h3 class=\"has-text-align-center has-neve-text-color-color has-text-color wp-block-heading\">Solange Barbay<\/h3>\n\n\n\n<p class=\"has-text-align-center has-neve-text-color-color has-text-color\">Secr\u00e9taire<\/p>\n\n\n\n<ul class=\"wp-block-social-links aligncenter is-layout-flex wp-block-social-links-is-layout-flex\"><li class=\"wp-social-link wp-social-link-facebook  wp-block-social-link\"><a href=\"#\" class=\"wp-block-social-link-anchor\"><svg width=\"24\" height=\"24\" viewBox=\"0 0 24 24\" version=\"1.1\" xmlns=\"http:\/\/www.w3.org\/2000\/svg\" aria-hidden=\"true\" focusable=\"false\"><path d=\"M12 2C6.5 2 2 6.5 2 12c0 5 3.7 9.1 8.4 9.9v-7H7.9V12h2.5V9.8c0-2.5 1.5-3.9 3.8-3.9 1.1 0 2.2.2 2.2.2v2.5h-1.3c-1.2 0-1.6.8-1.6 1.6V12h2.8l-.4 2.9h-2.3v7C18.3 21.1 22 17 22 12c0-5.5-4.5-10-10-10z\"><\/path><\/svg><span class=\"wp-block-social-link-label screen-reader-text\">Facebook<\/span><\/a><\/li>\n\n<li class=\"wp-social-link wp-social-link-twitter  wp-block-social-link\"><a href=\"#\" class=\"wp-block-social-link-anchor\"><svg width=\"24\" height=\"24\" viewBox=\"0 0 24 24\" version=\"1.1\" xmlns=\"http:\/\/www.w3.org\/2000\/svg\" aria-hidden=\"true\" focusable=\"false\"><path d=\"M22.23,5.924c-0.736,0.326-1.527,0.547-2.357,0.646c0.847-0.508,1.498-1.312,1.804-2.27 c-0.793,0.47-1.671,0.812-2.606,0.996C18.324,4.498,17.257,4,16.077,4c-2.266,0-4.103,1.837-4.103,4.103 c0,0.322,0.036,0.635,0.106,0.935C8.67,8.867,5.647,7.234,3.623,4.751C3.27,5.357,3.067,6.062,3.067,6.814 c0,1.424,0.724,2.679,1.825,3.415c-0.673-0.021-1.305-0.206-1.859-0.513c0,0.017,0,0.034,0,0.052c0,1.988,1.414,3.647,3.292,4.023 c-0.344,0.094-0.707,0.144-1.081,0.144c-0.264,0-0.521-0.026-0.772-0.074c0.522,1.63,2.038,2.816,3.833,2.85 c-1.404,1.1-3.174,1.756-5.096,1.756c-0.331,0-0.658-0.019-0.979-0.057c1.816,1.164,3.973,1.843,6.29,1.843 c7.547,0,11.675-6.252,11.675-11.675c0-0.178-0.004-0.355-0.012-0.531C20.985,7.47,21.68,6.747,22.23,5.924z\"><\/path><\/svg><span class=\"wp-block-social-link-label screen-reader-text\">Twitter<\/span><\/a><\/li>\n\n<li class=\"wp-social-link wp-social-link-linkedin  wp-block-social-link\"><a href=\"#\" class=\"wp-block-social-link-anchor\"><svg width=\"24\" height=\"24\" viewBox=\"0 0 24 24\" version=\"1.1\" xmlns=\"http:\/\/www.w3.org\/2000\/svg\" aria-hidden=\"true\" focusable=\"false\"><path d=\"M19.7,3H4.3C3.582,3,3,3.582,3,4.3v15.4C3,20.418,3.582,21,4.3,21h15.4c0.718,0,1.3-0.582,1.3-1.3V4.3 C21,3.582,20.418,3,19.7,3z M8.339,18.338H5.667v-8.59h2.672V18.338z M7.004,8.574c-0.857,0-1.549-0.694-1.549-1.548 c0-0.855,0.691-1.548,1.549-1.548c0.854,0,1.547,0.694,1.547,1.548C8.551,7.881,7.858,8.574,7.004,8.574z M18.339,18.338h-2.669 v-4.177c0-0.996-0.017-2.278-1.387-2.278c-1.389,0-1.601,1.086-1.601,2.206v4.249h-2.667v-8.59h2.559v1.174h0.037 c0.356-0.675,1.227-1.387,2.526-1.387c2.703,0,3.203,1.779,3.203,4.092V18.338z\"><\/path><\/svg><span class=\"wp-block-social-link-label screen-reader-text\">LinkedIn<\/span><\/a><\/li><\/ul>\n\n\n\n<div style=\"height:40px\" aria-hidden=\"true\" class=\"wp-block-spacer\"><\/div>\n<\/div>\n<\/div>\n\n\n\n<div style=\"height:40px\" aria-hidden=\"true\" class=\"wp-block-spacer\"><\/div>\n<\/div><\/div>\n<\/div><\/div>\n","protected":false},"excerpt":{"rendered":"","protected":false},"author":1,"featured_media":0,"parent":0,"menu_order":0,"comment_status":"closed","ping_status":"closed","template":"","meta":{"neve_meta_sidebar":"default","neve_meta_container":"default","neve_meta_enable_content_width":"on","neve_meta_content_width":100,"neve_meta_title_alignment":"","neve_meta_author_avatar":"","neve_post_elements_order":"","neve_meta_disable_header":"","neve_meta_disable_footer":"","neve_meta_disable_title":"on","footnotes":""},"class_list":["post-61","page","type-page","status-publish","hentry"],"yoast_head":"<!-- This site is optimized with the Yoast SEO plugin v27.4 - https:\/\/yoast.com\/product\/yoast-seo-wordpress\/ -->\n<title>Comit\u00e9 - GCA<\/title>\n<meta name=\"description\" content=\"d\u00e9fendre les int\u00e9r\u00eats communs, promouvoir le commerce local et participer \u00e0 l\u2019animation du bourg d\u2019Aubonne.\" \/>\n<meta name=\"robots\" content=\"index, follow, max-snippet:-1, max-image-preview:large, max-video-preview:-1\" \/>\n<link rel=\"canonical\" href=\"https:\/\/gcaubonne.ch\/index.php\/comite\/\" \/>\n<meta property=\"og:locale\" content=\"fr_FR\" \/>\n<meta property=\"og:type\" content=\"article\" \/>\n<meta property=\"og:title\" content=\"Comit\u00e9 - GCA\" \/>\n<meta property=\"og:description\" content=\"d\u00e9fendre les int\u00e9r\u00eats communs, promouvoir le commerce local et participer \u00e0 l\u2019animation du bourg d\u2019Aubonne.\" \/>\n<meta property=\"og:url\" content=\"https:\/\/gcaubonne.ch\/index.php\/comite\/\" \/>\n<meta property=\"og:site_name\" content=\"GCA\" \/>\n<meta property=\"article:modified_time\" content=\"2022-08-28T13:19:48+00:00\" \/>\n<meta property=\"og:image\" content=\"https:\/\/gcaubonne.ch\/wp-content\/uploads\/2022\/08\/Aubonne_1-1024x1024.jpg\" \/>\n<meta name=\"twitter:card\" content=\"summary_large_image\" \/>\n<script type=\"application\/ld+json\" class=\"yoast-schema-graph\">{\"@context\":\"https:\\\/\\\/schema.org\",\"@graph\":[{\"@type\":\"WebPage\",\"@id\":\"https:\\\/\\\/gcaubonne.ch\\\/index.php\\\/comite\\\/\",\"url\":\"https:\\\/\\\/gcaubonne.ch\\\/index.php\\\/comite\\\/\",\"name\":\"Comit\u00e9 - GCA\",\"isPartOf\":{\"@id\":\"https:\\\/\\\/gcaubonne.ch\\\/#website\"},\"primaryImageOfPage\":{\"@id\":\"https:\\\/\\\/gcaubonne.ch\\\/index.php\\\/comite\\\/#primaryimage\"},\"image\":{\"@id\":\"https:\\\/\\\/gcaubonne.ch\\\/index.php\\\/comite\\\/#primaryimage\"},\"thumbnailUrl\":\"https:\\\/\\\/gcaubonne.ch\\\/wp-content\\\/uploads\\\/2022\\\/08\\\/Aubonne_1-1024x1024.jpg\",\"datePublished\":\"2020-01-23T18:21:52+00:00\",\"dateModified\":\"2022-08-28T13:19:48+00:00\",\"description\":\"d\u00e9fendre les int\u00e9r\u00eats communs, promouvoir le commerce local et participer \u00e0 l\u2019animation du bourg d\u2019Aubonne.\",\"breadcrumb\":{\"@id\":\"https:\\\/\\\/gcaubonne.ch\\\/index.php\\\/comite\\\/#breadcrumb\"},\"inLanguage\":\"fr-FR\",\"potentialAction\":[{\"@type\":\"ReadAction\",\"target\":[\"https:\\\/\\\/gcaubonne.ch\\\/index.php\\\/comite\\\/\"]}]},{\"@type\":\"ImageObject\",\"inLanguage\":\"fr-FR\",\"@id\":\"https:\\\/\\\/gcaubonne.ch\\\/index.php\\\/comite\\\/#primaryimage\",\"url\":\"https:\\\/\\\/gcaubonne.ch\\\/wp-content\\\/uploads\\\/2022\\\/08\\\/Aubonne_1-1024x1024.jpg\",\"contentUrl\":\"https:\\\/\\\/gcaubonne.ch\\\/wp-content\\\/uploads\\\/2022\\\/08\\\/Aubonne_1-1024x1024.jpg\"},{\"@type\":\"BreadcrumbList\",\"@id\":\"https:\\\/\\\/gcaubonne.ch\\\/index.php\\\/comite\\\/#breadcrumb\",\"itemListElement\":[{\"@type\":\"ListItem\",\"position\":1,\"name\":\"Accueil\",\"item\":\"https:\\\/\\\/gcaubonne.ch\\\/\"},{\"@type\":\"ListItem\",\"position\":2,\"name\":\"Comit\u00e9\"}]},{\"@type\":\"WebSite\",\"@id\":\"https:\\\/\\\/gcaubonne.ch\\\/#website\",\"url\":\"https:\\\/\\\/gcaubonne.ch\\\/\",\"name\":\"GCA\",\"description\":\"Groupement des Commer\u00e7ants Aubonnois\",\"publisher\":{\"@id\":\"https:\\\/\\\/gcaubonne.ch\\\/#organization\"},\"potentialAction\":[{\"@type\":\"SearchAction\",\"target\":{\"@type\":\"EntryPoint\",\"urlTemplate\":\"https:\\\/\\\/gcaubonne.ch\\\/?s={search_term_string}\"},\"query-input\":{\"@type\":\"PropertyValueSpecification\",\"valueRequired\":true,\"valueName\":\"search_term_string\"}}],\"inLanguage\":\"fr-FR\"},{\"@type\":\"Organization\",\"@id\":\"https:\\\/\\\/gcaubonne.ch\\\/#organization\",\"name\":\"GCA\",\"url\":\"https:\\\/\\\/gcaubonne.ch\\\/\",\"logo\":{\"@type\":\"ImageObject\",\"inLanguage\":\"fr-FR\",\"@id\":\"https:\\\/\\\/gcaubonne.ch\\\/#\\\/schema\\\/logo\\\/image\\\/\",\"url\":\"https:\\\/\\\/gcaubonne.ch\\\/wp-content\\\/uploads\\\/2022\\\/07\\\/GCA-Site.png\",\"contentUrl\":\"https:\\\/\\\/gcaubonne.ch\\\/wp-content\\\/uploads\\\/2022\\\/07\\\/GCA-Site.png\",\"width\":543,\"height\":283,\"caption\":\"GCA\"},\"image\":{\"@id\":\"https:\\\/\\\/gcaubonne.ch\\\/#\\\/schema\\\/logo\\\/image\\\/\"}}]}<\/script>\n<!-- \/ Yoast SEO plugin. -->","yoast_head_json":{"title":"Comit\u00e9 - GCA","description":"d\u00e9fendre les int\u00e9r\u00eats communs, promouvoir le commerce local et participer \u00e0 l\u2019animation du bourg d\u2019Aubonne.","robots":{"index":"index","follow":"follow","max-snippet":"max-snippet:-1","max-image-preview":"max-image-preview:large","max-video-preview":"max-video-preview:-1"},"canonical":"https:\/\/gcaubonne.ch\/index.php\/comite\/","og_locale":"fr_FR","og_type":"article","og_title":"Comit\u00e9 - GCA","og_description":"d\u00e9fendre les int\u00e9r\u00eats communs, promouvoir le commerce local et participer \u00e0 l\u2019animation du bourg d\u2019Aubonne.","og_url":"https:\/\/gcaubonne.ch\/index.php\/comite\/","og_site_name":"GCA","article_modified_time":"2022-08-28T13:19:48+00:00","og_image":[{"url":"https:\/\/gcaubonne.ch\/wp-content\/uploads\/2022\/08\/Aubonne_1-1024x1024.jpg","type":"","width":"","height":""}],"twitter_card":"summary_large_image","schema":{"@context":"https:\/\/schema.org","@graph":[{"@type":"WebPage","@id":"https:\/\/gcaubonne.ch\/index.php\/comite\/","url":"https:\/\/gcaubonne.ch\/index.php\/comite\/","name":"Comit\u00e9 - GCA","isPartOf":{"@id":"https:\/\/gcaubonne.ch\/#website"},"primaryImageOfPage":{"@id":"https:\/\/gcaubonne.ch\/index.php\/comite\/#primaryimage"},"image":{"@id":"https:\/\/gcaubonne.ch\/index.php\/comite\/#primaryimage"},"thumbnailUrl":"https:\/\/gcaubonne.ch\/wp-content\/uploads\/2022\/08\/Aubonne_1-1024x1024.jpg","datePublished":"2020-01-23T18:21:52+00:00","dateModified":"2022-08-28T13:19:48+00:00","description":"d\u00e9fendre les int\u00e9r\u00eats communs, promouvoir le commerce local et participer \u00e0 l\u2019animation du bourg d\u2019Aubonne.","breadcrumb":{"@id":"https:\/\/gcaubonne.ch\/index.php\/comite\/#breadcrumb"},"inLanguage":"fr-FR","potentialAction":[{"@type":"ReadAction","target":["https:\/\/gcaubonne.ch\/index.php\/comite\/"]}]},{"@type":"ImageObject","inLanguage":"fr-FR","@id":"https:\/\/gcaubonne.ch\/index.php\/comite\/#primaryimage","url":"https:\/\/gcaubonne.ch\/wp-content\/uploads\/2022\/08\/Aubonne_1-1024x1024.jpg","contentUrl":"https:\/\/gcaubonne.ch\/wp-content\/uploads\/2022\/08\/Aubonne_1-1024x1024.jpg"},{"@type":"BreadcrumbList","@id":"https:\/\/gcaubonne.ch\/index.php\/comite\/#breadcrumb","itemListElement":[{"@type":"ListItem","position":1,"name":"Accueil","item":"https:\/\/gcaubonne.ch\/"},{"@type":"ListItem","position":2,"name":"Comit\u00e9"}]},{"@type":"WebSite","@id":"https:\/\/gcaubonne.ch\/#website","url":"https:\/\/gcaubonne.ch\/","name":"GCA","description":"Groupement des Commer\u00e7ants Aubonnois","publisher":{"@id":"https:\/\/gcaubonne.ch\/#organization"},"potentialAction":[{"@type":"SearchAction","target":{"@type":"EntryPoint","urlTemplate":"https:\/\/gcaubonne.ch\/?s={search_term_string}"},"query-input":{"@type":"PropertyValueSpecification","valueRequired":true,"valueName":"search_term_string"}}],"inLanguage":"fr-FR"},{"@type":"Organization","@id":"https:\/\/gcaubonne.ch\/#organization","name":"GCA","url":"https:\/\/gcaubonne.ch\/","logo":{"@type":"ImageObject","inLanguage":"fr-FR","@id":"https:\/\/gcaubonne.ch\/#\/schema\/logo\/image\/","url":"https:\/\/gcaubonne.ch\/wp-content\/uploads\/2022\/07\/GCA-Site.png","contentUrl":"https:\/\/gcaubonne.ch\/wp-content\/uploads\/2022\/07\/GCA-Site.png","width":543,"height":283,"caption":"GCA"},"image":{"@id":"https:\/\/gcaubonne.ch\/#\/schema\/logo\/image\/"}}]}},"_links":{"self":[{"href":"https:\/\/gcaubonne.ch\/index.php\/wp-json\/wp\/v2\/pages\/61","targetHints":{"allow":["GET"]}}],"collection":[{"href":"https:\/\/gcaubonne.ch\/index.php\/wp-json\/wp\/v2\/pages"}],"about":[{"href":"https:\/\/gcaubonne.ch\/index.php\/wp-json\/wp\/v2\/types\/page"}],"author":[{"embeddable":true,"href":"https:\/\/gcaubonne.ch\/index.php\/wp-json\/wp\/v2\/users\/1"}],"replies":[{"embeddable":true,"href":"https:\/\/gcaubonne.ch\/index.php\/wp-json\/wp\/v2\/comments?post=61"}],"version-history":[{"count":12,"href":"https:\/\/gcaubonne.ch\/index.php\/wp-json\/wp\/v2\/pages\/61\/revisions"}],"predecessor-version":[{"id":933,"href":"https:\/\/gcaubonne.ch\/index.php\/wp-json\/wp\/v2\/pages\/61\/revisions\/933"}],"wp:attachment":[{"href":"https:\/\/gcaubonne.ch\/index.php\/wp-json\/wp\/v2\/media?parent=61"}],"curies":[{"name":"wp","href":"https:\/\/api.w.org\/{rel}","templated":true}]}}